5 is divided by 15730.
45
Calculate the remainder when 366972 is divided by 752.
748
What is the remainder when 2781 is divided by 196?
37
What is the remainder when 2403 is divided by 29?
25
Calculate the remainder when 168 is divided by 68.
32
Calculate the remainder when 16465 is divided by 105.
85
What is the remainder when 419380 is divided by 69?
67
Calculate the remainder when 1128 is divided by 316.
180
Calculate the remainder when 608 is divided by 504.
104
What is the remainder when 763531 is divided by 1349?
1346
Calculate the remainder when 906 is divided by 431.
44
Calculate the remainder when 6019 is divided by 28.
27
What is the remainder when 176790 is divided by 34?
24
Calculate the remainder when 788671 is divided by 151.
149
Calculate the remainder when 11089087 is divided by 297.
295
Calculate the remainder when 1585 is divided by 212.
101
What is the remainder when 112789 is divided by 72?
37
What is the remainder when 462854 is divided by 11289?
5
What is the remainder when 17199 is divided by 306?
63
Calculate the remainder when 123086 is divided by 18.
2
Calculate the remainder when 163138 is divided by 1088.
1026
Calculate the remainder when 1201 is divided by 72.
49
Calculate the remainder when 3783 is divided by 854.
367
What is the remainder when 603807 is divided by 11?
6
Calculate the remainder when 15707 is divided by 453.
305
Calculate the remainder when 6975 is divided by 20.
15
What is the remainder when 5427 is divided by 13?
6
What is the remainder when 437224 is divided by 523?
519
Calculate the remainder when 47392 is divided by 469.
23
What is the remainder when 5795170 is divided by 75?
70
What is the remainder when 1635 is divided by 450?
285
Calculate the remainder when 174781 is divided by 16.
13
Calculate the remainder when 889 is divided by 13.
5
Calculate the remainder when 98228 is divided by 49112.
4
What is the remainder when 63207 is divided by 36?
27
Calculate the remainder when 626992 is divided by 7554.
10
Calculate the remainder when 1128 is divided by 690.
438
Calculate the remainder when 63662 is divided by 7957.
6
Calculate the remainder when 65755 is divided by 261.
244
What is the remainder when 35088 is divided by 7012?
28
Calculate the remainder when 319423 is divided by 8872.
31
Calculate the remainder when 790 is divided by 102.
76
What is the remainder when 2809963 is divided by 249?
247
Calculate the remainder when 9584 is divided by 1944.
1808
Calculate the remainder when 62868 is divided by 20953.
9
Calculate the remainder when 1982 is divided by 617.
131
What is the remainder when 40528 is divided by 780?
748
Calculate the remainder when 18346 is divided by 417.
415
Calculate the remainder when 856 is divided by 33.
31
Calculate the remainder when 14754 is divided by 217.
215
What is the remainder when 2890276 is divided by 283?
280
Calculate the remainder when 11359 is divided by 278.
239
What is the remainder when 2231 is divided by 2219?
12
Calculate the remainder when 150273 is divided by 471.
24
What is the remainder when 13792 is divided by 55?
42
What is the remainder when 61257 is divided by 1303?
16
What is the remainder when 259889 is divided by 4125?
14
Calculate the remainder when 4170 is divided by 4112.
58
Calculate the remainder when 177174 is divided by 453.
51
Calculate the remainder when 1975040 is divided by 2.
0
What is the remainder when 431 is divided by 40?
31
What is the remainder when 118769 is divided by 64?
49
What is the remainder when 430 is divided by 144?
142
Calculate the remainder when 90434 is divided by 220.
14
What is the remainder when 208977 is divided by 81?
78
What is the remainder when 8931 is divided by 8794?
137
What is the remainder when 3893 is divided by 646?
17
Calculate the remainder when 3028 is divided by 1423.
182
Calculate the remainder when 3739 is divided by 22.
21
What is the remainder when 20630 is divided by 38?
34
Calculate the remainder when 22802 is divided by 122.
110
Calculate the remainder when 88487 is divided by 533.
9
Calculate the remainder when 1483 is divided by 283.
68
What is the remainder when 9166 is divided by 36?
22
Calculate the remainder when 19905 is divided by 126.
123
Calculate the remainder when 4193 is divided by 1354.
131
Calculate the remainder when 27721 is divided by 166.
165
Calculate the remainder when 1088785 is divided by 3.
1
What is the remainder when 38186 is divided by 32?
10
What is the remainder when 178293 is divided by 782?
779
What is the remainder when 300516 is divided by 300494?
22
What is the remainder when 4822 is divided by 232?
182
What is the remainder when 14697 is divided by 1631?
18
What is the remainder when 1636793 is divided by 62?
55
Calculate the remainder when 188547 is divided by 838.
835
Calculate the remainder when 121518 is divided by 246.
240
What is the remainder when 3953 is divided by 1313?
14
Calculate the remainder when 77139 is divided by 14.
13
What is the remainder when 6044 is divided by 787?
535
Calculate the remainder when 887 is divided by 80.
7
What is the remainder when 7740 is divided by 768?
60
Calculate the remainder when 284466 is divided by 76.
74
Calculate the remainder when 58529 is divided by 327.
323
What is the remainder when 6079 is divided by 1970?
169
Calculate the remainder when 4683 is divided by 463.
53
Calculate the remainder when 1514 is divided by 66.
62
What is the remainder when 312862 is divided by 7?
4
Calculate the remainder when 5550 is divided by 27.
15
What is the remainder when 4225 is divided by 117?
13
Calculate the remainder when 2718911 is divided by 1176.
1175
Calculate the remainder when 27895 is divided by 1631.
168
Calculate the remainder when 7288 is divided by 384.
376
Calculate the remainder when 80814 is divided by 322.
314
What is the remainder when 311995 is divided by 26?
21
What is the remainder when 271118 is divided by 1261?
3
Calculate the remainder when 10572 is divided by 9.
6
What is the remainder when 1217 is divided by 111?
107
Calculate the remainder when 400927 is divided by 313.
287
What is the remainder when 63456 is divided by 524?
52
Calculate the remainder when 5816 is divided by 5811.
5
What is the remainder when 97099 is divided by 34?
29
Calculate the remainder when 11419 is divided by 815.
9
What is the remainder when 23743 is divided by 14?
13
What is the remainder when 2144 is divided by 75?
44
Calculate the remainder when 89829 is divided by 17.
1
Calculate the remainder when 1790 is divided by 535.
185
What is the remainder when 365 is divided by 273?
92
Calculate the remainder when 523835 is divided by 15.
5
What is the remainder when 427 is divided by 299?
128
What is the remainder when 26765 is divided by 1408?
13
What is the remainder when 19717 is divided by 6467?
316
What is the remainder when 29967 is divided by 14983?
1
Calculate the remainder when 2711167 is divided by 22.
19
Calculate the remainder when 204357 is divided by 22.
21
What is the remainder when 39029 is divided by 136?
133
Calculate the remainder when 3241 is divided by 230.
21
What is the remainder when 179517 is divided by 60?
57
What is the remainder when 723563 is divided by 18?
17
What is the remainder when 2768 is divided by 407?
326
Calculate the remainder when 3141 is divided by 262.
259
Calculate the remainder when 32572 is divided by 362.
354
What is the remainder when 26447 is divided by 8797?
56
What is the remainder when 64518 is divided by 5?
3
What is the remainder when 18144 is divided by 108?
0
Calculate the remainder when 12085 is divided by 783.
340
Calculate the remainder when 8652 is divided by 50.
2
Calculate the remainder when 17383 is divided by 1004.
315
What is the remainder when 3329 is divided by 94?
39
What is the remainder when 13599 is divided by 28?
19
Calculate the remainder when 1006940 is divided by 218.
216
What is the remainder when 122608 is divided by 23?
18
Calculate the remainder when 4278 is divided by 330.
318
Calculate the remainder when 11172 is divided by 169.
18
Calculate the remainder when 10136 is divided by 61.
10
What is the remainder when 8396 is divided by 16?
12
What is the remainder when 1000 is divided by 199?
5
What is the remainder when 1087400